{"id":77,"date":"2023-02-26T22:49:29","date_gmt":"2023-02-26T22:49:29","guid":{"rendered":"https:\/\/dongato.pe\/?post_type=product&#038;p=77"},"modified":"2025-07-24T15:23:04","modified_gmt":"2025-07-24T15:23:04","slug":"spray-antiparasitario-natural","status":"publish","type":"product","link":"https:\/\/dongato.pe\/index.php\/producto\/spray-antiparasitario-natural\/","title":{"rendered":"Spray repelente de insectos"},"content":{"rendered":"<ul>\n<li>Este repelente natural de insectos en formato spray facilita su aplicaci\u00f3n\u00a0sobre el animal y en su entorno: cama, caseta\u2026etc. Pulveriza el producto sobre la zona que elijas para prevenir la aparici\u00f3n de insectos y par\u00e1sitos.<\/li>\n<li>A diferencia de los repelentes de insectos naturales, los productos antiparasitarios tradicionales contienen insecticidas qu\u00edmicos que entran en contacto directo con la piel del animal y transmiten su toxicidad a tu mascota, poniendo en riesgo su salud y la de los que comparten su entorno. Como\u00a0no contiene insecticidas qu\u00edmicos\u00a0pueden usarse en cachorros mayores de 3 meses, hembras gestantes y animales con alergias a los insecticidas t\u00f3xicos convencionales.<\/li>\n<li>Tambi\u00e9n lo puedes combinar con el antipulgas para perros o gatos que utilices habitualmente para reforzar la protecci\u00f3n. Especialmente en las \u00e9pocas de m\u00e1s calor cuando afloran las pulgas y otros par\u00e1sitos. Nuestro spray antipulgas es ideal para aplicar sobre tu mascota antes de las salidas al exterior y\u00a0evitar as\u00ed las picaduras de pulgas, garrapatas y otros par\u00e1sitos transmisores de enfermedades. Es eficaz contra el mosquito de la leishmania.<\/li>\n<\/ul>\n","protected":false},"excerpt":{"rendered":"<p>Spray antiparasitario repelente natural de insectos para perros y gatos. Apto para\u00a0<strong>todas las razas de perros y gatos y todos los tama\u00f1os.<\/strong><\/p>\n<p>Repelente concentrado \u00a0para <strong>combatir y eliminar\u00a0<\/strong>de todo tipo de insectos y par\u00e1sitos: <strong>pulgas, garrapatas, piojos, \u00e1caros y mosquitos (incluido el\u00a0fleb\u00f3tomo que trasmite la leishmaniosis).<\/strong><\/p>\n","protected":false},"featured_media":71,"comment_status":"open","ping_status":"closed","template":"","meta":{"_uag_custom_page_level_css":""},"product_cat":[35,29,46],"product_tag":[],"yoast_head":"<!-- This site is optimized with the Yoast SEO plugin v20.1 - https:\/\/yoast.com\/wordpress\/plugins\/seo\/ -->\n<title>Spray repelente de insectos - Don Gato Pets Care<\/title>\n<meta name=\"robots\" content=\"index, follow, max-snippet:-1, max-image-preview:large, max-video-preview:-1\" \/>\n<link rel=\"canonical\" href=\"https:\/\/dongato.pe\/index.php\/producto\/spray-antiparasitario-natural\/\" \/>\n<meta property=\"og:locale\" content=\"es_ES\" \/>\n<meta property=\"og:type\" content=\"article\" \/>\n<meta property=\"og:title\" content=\"Spray repelente de insectos - Don Gato Pets Care\" \/>\n<meta property=\"og:description\" content=\"Spray antiparasitario repelente natural de insectos para perros y gatos. Apto para\u00a0todas las razas de perros y gatos y todos los tama\u00f1os.  Repelente concentrado \u00a0para combatir y eliminar\u00a0de todo tipo de insectos y par\u00e1sitos: pulgas, garrapatas, piojos, \u00e1caros y mosquitos (incluido el\u00a0fleb\u00f3tomo que trasmite la leishmaniosis).\" \/>\n<meta property=\"og:url\" content=\"https:\/\/dongato.pe\/index.php\/producto\/spray-antiparasitario-natural\/\" \/>\n<meta property=\"og:site_name\" content=\"Don Gato Pets Care\" \/>\n<meta property=\"article:modified_time\" content=\"2025-07-24T15:23:04+00:00\" \/>\n<meta property=\"og:image\" content=\"https:\/\/dongato.pe\/wp-content\/uploads\/2023\/02\/SPRAYREPELENTE-1.png\" \/>\n\t<meta property=\"og:image:width\" content=\"600\" \/>\n\t<meta property=\"og:image:height\" content=\"600\" \/>\n\t<meta property=\"og:image:type\" content=\"image\/png\" \/>\n<meta name=\"twitter:card\" content=\"summary_large_image\" \/>\n<meta name=\"twitter:label1\" content=\"Tiempo de lectura\" \/>\n\t<meta name=\"twitter:data1\" content=\"1 minuto\" \/>\n<script type=\"application\/ld+json\" class=\"yoast-schema-graph\">{\"@context\":\"https:\/\/schema.org\",\"@graph\":[{\"@type\":\"WebPage\",\"@id\":\"https:\/\/dongato.pe\/index.php\/producto\/spray-antiparasitario-natural\/\",\"url\":\"https:\/\/dongato.pe\/index.php\/producto\/spray-antiparasitario-natural\/\",\"name\":\"Spray repelente de insectos - Don Gato Pets Care\",\"isPartOf\":{\"@id\":\"https:\/\/dongato.pe\/#website\"},\"datePublished\":\"2023-02-26T22:49:29+00:00\",\"dateModified\":\"2025-07-24T15:23:04+00:00\",\"breadcrumb\":{\"@id\":\"https:\/\/dongato.pe\/index.php\/producto\/spray-antiparasitario-natural\/#breadcrumb\"},\"inLanguage\":\"es\",\"potentialAction\":[{\"@type\":\"ReadAction\",\"target\":[\"https:\/\/dongato.pe\/index.php\/producto\/spray-antiparasitario-natural\/\"]}]},{\"@type\":\"BreadcrumbList\",\"@id\":\"https:\/\/dongato.pe\/index.php\/producto\/spray-antiparasitario-natural\/#breadcrumb\",\"itemListElement\":[{\"@type\":\"ListItem\",\"position\":1,\"name\":\"Portada\",\"item\":\"https:\/\/dongato.pe\/\"},{\"@type\":\"ListItem\",\"position\":2,\"name\":\"Tienda\",\"item\":\"https:\/\/dongato.pe\/index.php\/tienda\/\"},{\"@type\":\"ListItem\",\"position\":3,\"name\":\"Spray repelente de insectos\"}]},{\"@type\":\"WebSite\",\"@id\":\"https:\/\/dongato.pe\/#website\",\"url\":\"https:\/\/dongato.pe\/\",\"name\":\"Don Gato Pets Care\",\"description\":\"Cosm&eacute;tica Natural para mascotas\",\"publisher\":{\"@id\":\"https:\/\/dongato.pe\/#organization\"},\"potentialAction\":[{\"@type\":\"SearchAction\",\"target\":{\"@type\":\"EntryPoint\",\"urlTemplate\":\"https:\/\/dongato.pe\/?s={search_term_string}\"},\"query-input\":\"required name=search_term_string\"}],\"inLanguage\":\"es\"},{\"@type\":\"Organization\",\"@id\":\"https:\/\/dongato.pe\/#organization\",\"name\":\"Don Gato Pets Care\",\"url\":\"https:\/\/dongato.pe\/\",\"logo\":{\"@type\":\"ImageObject\",\"inLanguage\":\"es\",\"@id\":\"https:\/\/dongato.pe\/#\/schema\/logo\/image\/\",\"url\":\"https:\/\/dongato.pe\/wp-content\/uploads\/2023\/02\/cropped-id_horizontal-color-2-2.png\",\"contentUrl\":\"https:\/\/dongato.pe\/wp-content\/uploads\/2023\/02\/cropped-id_horizontal-color-2-2.png\",\"width\":438,\"height\":199,\"caption\":\"Don Gato Pets Care\"},\"image\":{\"@id\":\"https:\/\/dongato.pe\/#\/schema\/logo\/image\/\"}}]}<\/script>\n<!-- \/ Yoast SEO plugin. -->","yoast_head_json":{"title":"Spray repelente de insectos - Don Gato Pets Care","robots":{"index":"index","follow":"follow","max-snippet":"max-snippet:-1","max-image-preview":"max-image-preview:large","max-video-preview":"max-video-preview:-1"},"canonical":"https:\/\/dongato.pe\/index.php\/producto\/spray-antiparasitario-natural\/","og_locale":"es_ES","og_type":"article","og_title":"Spray repelente de insectos - Don Gato Pets Care","og_description":"Spray antiparasitario repelente natural de insectos para perros y gatos. Apto para\u00a0todas las razas de perros y gatos y todos los tama\u00f1os.  Repelente concentrado \u00a0para combatir y eliminar\u00a0de todo tipo de insectos y par\u00e1sitos: pulgas, garrapatas, piojos, \u00e1caros y mosquitos (incluido el\u00a0fleb\u00f3tomo que trasmite la leishmaniosis).","og_url":"https:\/\/dongato.pe\/index.php\/producto\/spray-antiparasitario-natural\/","og_site_name":"Don Gato Pets Care","article_modified_time":"2025-07-24T15:23:04+00:00","og_image":[{"width":600,"height":600,"url":"https:\/\/dongato.pe\/wp-content\/uploads\/2023\/02\/SPRAYREPELENTE-1.png","type":"image\/png"}],"twitter_card":"summary_large_image","twitter_misc":{"Tiempo de lectura":"1 minuto"},"schema":{"@context":"https:\/\/schema.org","@graph":[{"@type":"WebPage","@id":"https:\/\/dongato.pe\/index.php\/producto\/spray-antiparasitario-natural\/","url":"https:\/\/dongato.pe\/index.php\/producto\/spray-antiparasitario-natural\/","name":"Spray repelente de insectos - Don Gato Pets Care","isPartOf":{"@id":"https:\/\/dongato.pe\/#website"},"datePublished":"2023-02-26T22:49:29+00:00","dateModified":"2025-07-24T15:23:04+00:00","breadcrumb":{"@id":"https:\/\/dongato.pe\/index.php\/producto\/spray-antiparasitario-natural\/#breadcrumb"},"inLanguage":"es","potentialAction":[{"@type":"ReadAction","target":["https:\/\/dongato.pe\/index.php\/producto\/spray-antiparasitario-natural\/"]}]},{"@type":"BreadcrumbList","@id":"https:\/\/dongato.pe\/index.php\/producto\/spray-antiparasitario-natural\/#breadcrumb","itemListElement":[{"@type":"ListItem","position":1,"name":"Portada","item":"https:\/\/dongato.pe\/"},{"@type":"ListItem","position":2,"name":"Tienda","item":"https:\/\/dongato.pe\/index.php\/tienda\/"},{"@type":"ListItem","position":3,"name":"Spray repelente de insectos"}]},{"@type":"WebSite","@id":"https:\/\/dongato.pe\/#website","url":"https:\/\/dongato.pe\/","name":"Don Gato Pets Care","description":"Cosm&eacute;tica Natural para mascotas","publisher":{"@id":"https:\/\/dongato.pe\/#organization"},"potentialAction":[{"@type":"SearchAction","target":{"@type":"EntryPoint","urlTemplate":"https:\/\/dongato.pe\/?s={search_term_string}"},"query-input":"required name=search_term_string"}],"inLanguage":"es"},{"@type":"Organization","@id":"https:\/\/dongato.pe\/#organization","name":"Don Gato Pets Care","url":"https:\/\/dongato.pe\/","logo":{"@type":"ImageObject","inLanguage":"es","@id":"https:\/\/dongato.pe\/#\/schema\/logo\/image\/","url":"https:\/\/dongato.pe\/wp-content\/uploads\/2023\/02\/cropped-id_horizontal-color-2-2.png","contentUrl":"https:\/\/dongato.pe\/wp-content\/uploads\/2023\/02\/cropped-id_horizontal-color-2-2.png","width":438,"height":199,"caption":"Don Gato Pets Care"},"image":{"@id":"https:\/\/dongato.pe\/#\/schema\/logo\/image\/"}}]}},"uagb_featured_image_src":{"full":["https:\/\/dongato.pe\/wp-content\/uploads\/2023\/02\/SPRAYREPELENTE-1.png",600,600,false],"thumbnail":["https:\/\/dongato.pe\/wp-content\/uploads\/2023\/02\/SPRAYREPELENTE-1-150x150.png",150,150,true],"medium":["https:\/\/dongato.pe\/wp-content\/uploads\/2023\/02\/SPRAYREPELENTE-1-300x300.png",300,300,true],"medium_large":["https:\/\/dongato.pe\/wp-content\/uploads\/2023\/02\/SPRAYREPELENTE-1.png",600,600,false],"large":["https:\/\/dongato.pe\/wp-content\/uploads\/2023\/02\/SPRAYREPELENTE-1.png",600,600,false],"1536x1536":["https:\/\/dongato.pe\/wp-content\/uploads\/2023\/02\/SPRAYREPELENTE-1.png",600,600,false],"2048x2048":["https:\/\/dongato.pe\/wp-content\/uploads\/2023\/02\/SPRAYREPELENTE-1.png",600,600,false],"mailpoet_newsletter_max":["https:\/\/dongato.pe\/wp-content\/uploads\/2023\/02\/SPRAYREPELENTE-1.png",600,600,false],"woocommerce_thumbnail":["https:\/\/dongato.pe\/wp-content\/uploads\/2023\/02\/SPRAYREPELENTE-1-300x300.png",300,300,true],"woocommerce_single":["https:\/\/dongato.pe\/wp-content\/uploads\/2023\/02\/SPRAYREPELENTE-1.png",600,600,false],"woocommerce_gallery_thumbnail":["https:\/\/dongato.pe\/wp-content\/uploads\/2023\/02\/SPRAYREPELENTE-1-100x100.png",100,100,true]},"uagb_author_info":{"display_name":"mtczxn","author_link":"https:\/\/dongato.pe\/index.php\/author\/"},"uagb_comment_info":1,"uagb_excerpt":"Spray antiparasitario repelente natural de insectos para perros y gatos. Apto para\u00a0todas las razas de perros y gatos y todos los tama\u00f1os. Repelente concentrado \u00a0para combatir y eliminar\u00a0de todo tipo de insectos y par\u00e1sitos: pulgas, garrapatas, piojos, \u00e1caros y mosquitos (incluido el\u00a0fleb\u00f3tomo que trasmite la leishmaniosis).","_links":{"self":[{"href":"https:\/\/dongato.pe\/index.php\/wp-json\/wp\/v2\/product\/77"}],"collection":[{"href":"https:\/\/dongato.pe\/index.php\/wp-json\/wp\/v2\/product"}],"about":[{"href":"https:\/\/dongato.pe\/index.php\/wp-json\/wp\/v2\/types\/product"}],"replies":[{"embeddable":true,"href":"https:\/\/dongato.pe\/index.php\/wp-json\/wp\/v2\/comments?post=77"}],"wp:featuredmedia":[{"embeddable":true,"href":"https:\/\/dongato.pe\/index.php\/wp-json\/wp\/v2\/media\/71"}],"wp:attachment":[{"href":"https:\/\/dongato.pe\/index.php\/wp-json\/wp\/v2\/media?parent=77"}],"wp:term":[{"taxonomy":"product_cat","embeddable":true,"href":"https:\/\/dongato.pe\/index.php\/wp-json\/wp\/v2\/product_cat?post=77"},{"taxonomy":"product_tag","embeddable":true,"href":"https:\/\/dongato.pe\/index.php\/wp-json\/wp\/v2\/product_tag?post=77"}],"curies":[{"name":"wp","href":"https:\/\/api.w.org\/{rel}","templated":true}]}}